[INFO] fetching crate wavm 0.1.0...
[INFO] checking wavm-0.1.0 against try#72f88fc4e9458f89516a0b8b0868f3718aec5b47 for pr-74989
[INFO] extracting crate wavm 0.1.0 into /workspace/builds/worker-7/source
[INFO] validating manifest of crates.io crate wavm 0.1.0 on toolchain 72f88fc4e9458f89516a0b8b0868f3718aec5b47
[INFO] running `Command { std: "/workspace/cargo-home/bin/cargo" "+72f88fc4e9458f89516a0b8b0868f3718aec5b47" "read-manifest" "--manifest-path" "Cargo.toml", kill_on_drop: false }`
[INFO] started tweaking crates.io crate wavm 0.1.0
[INFO] finished tweaking crates.io crate wavm 0.1.0
[INFO] tweaked toml for crates.io crate wavm 0.1.0 written to /workspace/builds/worker-7/source/Cargo.toml
[INFO] running `Command { std: "/workspace/cargo-home/bin/cargo" "+72f88fc4e9458f89516a0b8b0868f3718aec5b47" "generate-lockfile" "--manifest-path" "Cargo.toml" "-Zno-index-update", kill_on_drop: false }`
[INFO] [stderr]     Blocking waiting for file lock on package cache
[INFO] running `Command { std: "/workspace/cargo-home/bin/cargo" "+72f88fc4e9458f89516a0b8b0868f3718aec5b47" "fetch" "--locked" "--manifest-path" "Cargo.toml", kill_on_drop: false }`
[INFO] [stderr]     Blocking waiting for file lock on package cache
[INFO] [stderr]     Blocking waiting for file lock on package cache
[INFO] [stderr]  Downloading crates ...
[INFO] [stderr]   Downloaded cexpr v0.3.6
[INFO] [stderr]   Downloaded version_check v0.1.5
[INFO] [stderr]   Downloaded cmake v0.1.44
[INFO] [stderr]   Downloaded peeking_take_while v0.1.2
[INFO] [stderr]   Downloaded thread_local v1.0.1
[INFO] [stderr]   Downloaded bindgen v0.51.1
[INFO] [stderr]   Downloaded libloading v0.5.2
[INFO] [stderr]   Downloaded which v3.1.1
[INFO] [stderr]   Downloaded anyhow v1.0.32
[INFO] [stderr]   Downloaded shlex v0.1.1
[INFO] [stderr]   Downloaded unicode-width v0.1.8
[INFO] [stderr]   Downloaded bitflags v1.2.1
[INFO] [stderr]   Downloaded ansi_term v0.11.0
[INFO] [stderr]   Downloaded strsim v0.8.0
[INFO] [stderr]   Downloaded glob v0.3.0
[INFO] [stderr]   Downloaded humantime v1.3.0
[INFO] [stderr]   Downloaded vec_map v0.8.2
[INFO] [stderr]   Downloaded env_logger v0.6.2
[INFO] [stderr]   Downloaded rustc-hash v1.1.0
[INFO] [stderr]   Downloaded env_logger v0.7.1
[INFO] [stderr]   Downloaded nom v4.2.3
[INFO] [stderr]   Downloaded regex v1.3.9
[INFO] [stderr]   Downloaded textwrap v0.11.0
[INFO] [stderr]   Downloaded clap v2.33.3
[INFO] [stderr]   Downloaded wavm-sys v0.1.0
[INFO] [stderr]   Downloaded regex-syntax v0.6.18
[INFO] [stderr]   Downloaded termcolor v1.1.0
[INFO] [stderr]   Downloaded atty v0.2.14
[INFO] [stderr]   Downloaded quick-error v1.2.3
[INFO] [stderr]   Downloaded aho-corasick v0.7.13
[INFO] [stderr]   Downloaded memchr v2.3.3
[INFO] [stderr]   Downloaded cc v1.0.59
[INFO] [stderr]   Downloaded clang-sys v0.28.1
[INFO] [stderr]   Downloaded hermit-abi v0.1.15
[INFO] [stderr]   Downloaded winapi-util v0.1.5
[INFO] [stderr]   Downloaded llvm-sys v80.3.0
[INFO] running `Command { std: "docker" "create" "-v" "/var/lib/crater-agent-workspace/builds/worker-7/target:/opt/rustwide/target:rw,Z" "-v" "/var/lib/crater-agent-workspace/builds/worker-7/source:/opt/rustwide/workdir:ro,Z" "-v" "/var/lib/crater-agent-workspace/cargo-home:/opt/rustwide/cargo-home:ro,Z" "-v" "/var/lib/crater-agent-workspace/rustup-home:/opt/rustwide/rustup-home:ro,Z" "-e" "SOURCE_DIR=/opt/rustwide/workdir" "-e" "CARGO_TARGET_DIR=/opt/rustwide/target" "-e" "CARGO_HOME=/opt/rustwide/cargo-home" "-e" "RUSTUP_HOME=/opt/rustwide/rustup-home" "-w" "/opt/rustwide/workdir" "-m" "1610612736" "--user" "0:0" "--network" "none" "rustops/crates-build-env@sha256:d92eaeed33fa75130ca1ee6c8a01d1ffb62bac859dfdfb3450e3e5d1c0146529" "/opt/rustwide/cargo-home/bin/cargo" "+72f88fc4e9458f89516a0b8b0868f3718aec5b47" "metadata" "--no-deps" "--format-version=1", kill_on_drop: false }`
[INFO] [stdout] cda244a4e1645c83829b7e333a628f7c3d2ce6f50cb4d1ef4ba8ee6190acfed9
[INFO] [stderr] WARNING: Your kernel does not support swap limit capabilities or the cgroup is not mounted. Memory limited without swap.
[INFO] running `Command { std: "docker" "start" "-a" "cda244a4e1645c83829b7e333a628f7c3d2ce6f50cb4d1ef4ba8ee6190acfed9", kill_on_drop: false }`
[INFO] running `Command { std: "docker" "inspect" "cda244a4e1645c83829b7e333a628f7c3d2ce6f50cb4d1ef4ba8ee6190acfed9", kill_on_drop: false }`
[INFO] running `Command { std: "docker" "rm" "-f" "cda244a4e1645c83829b7e333a628f7c3d2ce6f50cb4d1ef4ba8ee6190acfed9", kill_on_drop: false }`
[INFO] [stdout] cda244a4e1645c83829b7e333a628f7c3d2ce6f50cb4d1ef4ba8ee6190acfed9
[INFO] running `Command { std: "docker" "create" "-v" "/var/lib/crater-agent-workspace/builds/worker-7/target:/opt/rustwide/target:rw,Z" "-v" "/var/lib/crater-agent-workspace/builds/worker-7/source:/opt/rustwide/workdir:ro,Z" "-v" "/var/lib/crater-agent-workspace/cargo-home:/opt/rustwide/cargo-home:ro,Z" "-v" "/var/lib/crater-agent-workspace/rustup-home:/opt/rustwide/rustup-home:ro,Z" "-e" "SOURCE_DIR=/opt/rustwide/workdir" "-e" "CARGO_TARGET_DIR=/opt/rustwide/target" "-e" "CARGO_INCREMENTAL=0" "-e" "RUST_BACKTRACE=full" "-e" "RUSTFLAGS=--cap-lints=forbid" "-e" "CARGO_HOME=/opt/rustwide/cargo-home" "-e" "RUSTUP_HOME=/opt/rustwide/rustup-home" "-w" "/opt/rustwide/workdir" "-m" "1610612736" "--user" "0:0" "--network" "none" "rustops/crates-build-env@sha256:d92eaeed33fa75130ca1ee6c8a01d1ffb62bac859dfdfb3450e3e5d1c0146529" "/opt/rustwide/cargo-home/bin/cargo" "+72f88fc4e9458f89516a0b8b0868f3718aec5b47" "check" "--frozen" "--all" "--all-targets" "--message-format=json", kill_on_drop: false }`
[INFO] [stdout] 3b6b51188bc9d6dc303141a23764a84f9790ac059dcbb898678cc3f8959d15a2
[INFO] [stderr] WARNING: Your kernel does not support swap limit capabilities or the cgroup is not mounted. Memory limited without swap.
[INFO] running `Command { std: "docker" "start" "-a" "3b6b51188bc9d6dc303141a23764a84f9790ac059dcbb898678cc3f8959d15a2", kill_on_drop: false }`
[INFO] [stderr]    Compiling memchr v2.3.3
[INFO] [stderr]    Compiling libc v0.2.77
[INFO] [stderr]    Compiling cc v1.0.59
[INFO] [stderr]    Compiling lazy_static v1.4.0
[INFO] [stderr]    Compiling regex-syntax v0.6.18
[INFO] [stderr]    Compiling bitflags v1.2.1
[INFO] [stderr]    Compiling quick-error v1.2.3
[INFO] [stderr]    Compiling unicode-width v0.1.8
[INFO] [stderr]    Compiling cfg-if v0.1.10
[INFO] [stderr]    Compiling unicode-xid v0.2.1
[INFO] [stderr]    Compiling bindgen v0.51.1
[INFO] [stderr]    Compiling termcolor v1.1.0
[INFO] [stderr]    Compiling strsim v0.8.0
[INFO] [stderr]    Compiling ansi_term v0.11.0
[INFO] [stderr]    Compiling vec_map v0.8.2
[INFO] [stderr]    Compiling peeking_take_while v0.1.2
[INFO] [stderr]    Compiling anyhow v1.0.32
[INFO] [stderr]    Compiling nom v4.2.3
[INFO] [stderr]    Compiling humantime v1.3.0
[INFO] [stderr]    Compiling textwrap v0.11.0
[INFO] [stderr]    Compiling thread_local v1.0.1
[INFO] [stderr]    Compiling log v0.4.11
[INFO] [stderr]    Compiling proc-macro2 v1.0.21
[INFO] [stderr]    Compiling cmake v0.1.44
[INFO] [stderr]    Compiling quote v1.0.7
[INFO] [stderr]    Compiling aho-corasick v0.7.13
[INFO] [stderr]    Compiling libloading v0.5.2
[INFO] [stderr]    Compiling atty v0.2.14
[INFO] [stderr]    Compiling which v3.1.1
[INFO] [stderr]    Compiling clap v2.33.3
[INFO] [stderr]    Compiling clang-sys v0.28.1
[INFO] [stderr]     Checking regex v1.3.9
[INFO] [stderr]    Compiling cexpr v0.3.6
[INFO] [stderr]     Checking env_logger v0.7.1
[INFO] [stderr]    Compiling env_logger v0.6.2
[INFO] [stderr]    Compiling llvm-sys v80.3.0
[INFO] [stderr]    Compiling wavm-sys v0.1.0
[INFO] [stderr] error: failed to run custom build command for `wavm-sys v0.1.0`
[INFO] [stderr] 
[INFO] [stderr] Caused by:
[INFO] [stderr]   process didn't exit successfully: `/opt/rustwide/target/debug/build/wavm-sys-61da4f6b4f7468eb/build-script-build` (exit code: 101)
[INFO] [stderr]   --- stdout
[INFO] [stderr]   running: "cmake" "/opt/rustwide/cargo-home/registry/src/github.com-1ecc6299db9ec823/wavm-sys-0.1.0/wavm" "-DWAVM_ENABLE_STATIC_LINKING=ON" "-DWAVM_ENABLE_FUZZ_TARGETS=OFF" "-DWAVM_ENABLE_UNWIND=ON" "-DCMAKE_INSTALL_PREFIX=/opt/rustwide/target/debug/build/wavm-sys-908ae9e7db5df7eb/out" "-DCMAKE_C_FLAGS= -ffunction-sections -fdata-sections -fPIC -m64" "-DCMAKE_C_COMPILER=/usr/bin/cc" "-DCMAKE_CXX_FLAGS= -ffunction-sections -fdata-sections -fPIC -m64" "-DCMAKE_CXX_COMPILER=/usr/bin/c++" "-DCMAKE_ASM_FLAGS= -ffunction-sections -fdata-sections -fPIC -m64" "-DCMAKE_ASM_COMPILER=/usr/bin/cc" "-DCMAKE_BUILD_TYPE=Debug"
[INFO] [stderr]   -- The C compiler identification is GNU 9.3.0
[INFO] [stderr]   -- The CXX compiler identification is GNU 9.3.0
[INFO] [stderr]   -- The ASM compiler identification is GNU
[INFO] [stderr]   -- Found assembler: /usr/bin/cc
[INFO] [stderr]   -- Check for working C compiler: /usr/bin/cc
[INFO] [stderr]   -- Check for working C compiler: /usr/bin/cc -- works
[INFO] [stderr]   -- Detecting C compiler ABI info
[INFO] [stderr]   -- Detecting C compiler ABI info - done
[INFO] [stderr]   -- Detecting C compile features
[INFO] [stderr]   -- Detecting C compile features - done
[INFO] [stderr]   -- Check for working CXX compiler: /usr/bin/c++
[INFO] [stderr]   -- Check for working CXX compiler: /usr/bin/c++ -- works
[INFO] [stderr]   -- Detecting CXX compiler ABI info
[INFO] [stderr]   -- Detecting CXX compiler ABI info - done
[INFO] [stderr]   -- Detecting CXX compile features
[INFO] [stderr]   -- Detecting CXX compile features - done
[INFO] [stderr]   -- Performing Test CXX_HAS_WSWITCH_ENUM
[INFO] [stderr]   -- Performing Test CXX_HAS_WSWITCH_ENUM - Success
[INFO] [stderr]   -- Performing Test CXX_HAS_WSWITCH_DEFAULT
[INFO] [stderr]   -- Performing Test CXX_HAS_WSWITCH_DEFAULT - Success
[INFO] [stderr]   -- Performing Test CXX_HAS_WNULL_DEREFERENCE
[INFO] [stderr]   -- Performing Test CXX_HAS_WNULL_DEREFERENCE - Success
[INFO] [stderr]   -- Performing Test CXX_HAS_WDUPLICATED_COND
[INFO] [stderr]   -- Performing Test CXX_HAS_WDUPLICATED_COND - Success
[INFO] [stderr]   -- Performing Test CXX_HAS_WDUPLICATED_BRANCHES
[INFO] [stderr]   -- Performing Test CXX_HAS_WDUPLICATED_BRANCHES - Success
[INFO] [stderr]   -- Performing Test CXX_HAS_WLOGICAL_OP
[INFO] [stderr]   -- Performing Test CXX_HAS_WLOGICAL_OP - Success
[INFO] [stderr]   -- Performing Test CXX_HAS_WNON_VIRTUAL_DTOR
[INFO] [stderr]   -- Performing Test CXX_HAS_WNON_VIRTUAL_DTOR - Success
[INFO] [stderr]   -- Performing Test CXX_HAS_WRESTRICT
[INFO] [stderr]   -- Performing Test CXX_HAS_WRESTRICT - Success
[INFO] [stderr]   -- Performing Test CXX_HAS_WDOUBLE_PROMOTION
[INFO] [stderr]   -- Performing Test CXX_HAS_WDOUBLE_PROMOTION - Success
[INFO] [stderr]   -- Performing Test CXX_HAS_WNO_MISSING_FIELD_INITIALIZERS
[INFO] [stderr]   -- Performing Test CXX_HAS_WNO_MISSING_FIELD_INITIALIZERS - Success
[INFO] [stderr]   -- Performing Test CXX_HAS_WNO_UNUSED_PARAMETER
[INFO] [stderr]   -- Performing Test CXX_HAS_WNO_UNUSED_PARAMETER - Success
[INFO] [stderr]   -- Performing Test CXX_HAS_GSPLIT_DWARF
[INFO] [stderr]   -- Performing Test CXX_HAS_GSPLIT_DWARF - Success
[INFO] [stderr]   -- Performing Test LINKER_HAS_WL___GDB_INDEX
[INFO] [stderr]   -- Performing Test LINKER_HAS_WL___GDB_INDEX - Failed
[INFO] [stderr]   -- Performing Test C_HAS_WERROR_UNGUARDED_AVAILABILITY_NEW
[INFO] [stderr]   -- Performing Test C_HAS_WERROR_UNGUARDED_AVAILABILITY_NEW - Failed
[INFO] [stderr]   -- Looking for futimens
[INFO] [stderr]   -- Looking for futimens - found
[INFO] [stderr]   -- Looking for utimensat
[INFO] [stderr]   -- Looking for utimensat - found
[INFO] [stderr]   -- Configuring done
[INFO] [stderr]   -- Generating done
[INFO] [stderr]   -- Build files have been written to: /opt/rustwide/target/debug/build/wavm-sys-908ae9e7db5df7eb/out/build
[INFO] [stderr]   running: "cmake" "--build" "." "--target" "libWAVM" "--config" "Debug" "--"
[INFO] [stderr]   Scanning dependencies of target WAVMBLAKE2
[INFO] [stderr]   Scanning dependencies of target WAVMlmdb
[INFO] [stderr]   [  1%] Building C object ThirdParty/BLAKE2/CMakeFiles/WAVMBLAKE2.dir/sse/blake2sp.c.o
[INFO] [stderr]   [  2%] Building C object ThirdParty/liblmdb/CMakeFiles/WAVMlmdb.dir/mdb.c.o
[INFO] [stderr]   Scanning dependencies of target WAVMUnwind
[INFO] [stderr]   [  2%] Building C object ThirdParty/BLAKE2/CMakeFiles/WAVMBLAKE2.dir/sse/blake2b.c.o
[INFO] [stderr]   [  3%] Building C object ThirdParty/BLAKE2/CMakeFiles/WAVMBLAKE2.dir/sse/blake2xs.c.o
[INFO] [stderr]   [  4%] Building C object ThirdParty/BLAKE2/CMakeFiles/WAVMBLAKE2.dir/sse/blake2bp.c.o
[INFO] [stderr]   [  5%] Building C object ThirdParty/BLAKE2/CMakeFiles/WAVMBLAKE2.dir/sse/blake2s.c.o
[INFO] [stderr]   [  6%] Building C object ThirdParty/liblmdb/CMakeFiles/WAVMlmdb.dir/midl.c.o
[INFO] [stderr]   [  8%] Building C object ThirdParty/BLAKE2/CMakeFiles/WAVMBLAKE2.dir/sse/blake2xb.c.o
[INFO] [stderr]   [  9%] Building CXX object ThirdParty/libunwind/CMakeFiles/WAVMUnwind.dir/src/libunwind.cpp.o
[INFO] [stderr]   [ 10%] Building C object ThirdParty/libunwind/CMakeFiles/WAVMUnwind.dir/src/Unwind-sjlj.c.o
[INFO] [stderr]   [ 11%] Building C object ThirdParty/libunwind/CMakeFiles/WAVMUnwind.dir/src/UnwindLevel1.c.o
[INFO] [stderr]   [ 13%] Building C object ThirdParty/libunwind/CMakeFiles/WAVMUnwind.dir/src/UnwindLevel1-gcc-ext.c.o
[INFO] [stderr]   [ 13%] Building ASM object ThirdParty/libunwind/CMakeFiles/WAVMUnwind.dir/src/UnwindRegistersSave.S.o
[INFO] [stderr]   [ 15%] Building ASM object ThirdParty/libunwind/CMakeFiles/WAVMUnwind.dir/src/UnwindRegistersRestore.S.o
[INFO] [stderr]   [ 16%] Linking C static library libWAVMBLAKE2.a
[INFO] [stderr]   [ 16%] Built target WAVMBLAKE2
[INFO] [stderr]   [ 17%] Linking CXX static library libWAVMUnwind.a
[INFO] [stderr]   [ 17%] Built target WAVMUnwind
[INFO] [stderr]   [ 18%] Linking C static library libWAVMlmdb.a
[INFO] [stderr]   [ 18%] Built target WAVMlmdb
[INFO] [stderr]   Scanning dependencies of target libWAVM
[INFO] [stderr]   [ 19%] Building CXX object CMakeFiles/libWAVM.dir/Lib/IR/DisassemblyNames.cpp.o
[INFO] [stderr]   [ 20%] Building CXX object CMakeFiles/libWAVM.dir/Lib/IR/FloatPrinting.cpp.o
[INFO] [stderr]   [ 22%] Building CXX object CMakeFiles/libWAVM.dir/Lib/IR/FeatureSpec.cpp.o
[INFO] [stderr]   [ 23%] Building CXX object CMakeFiles/libWAVM.dir/Lib/IR/Operators.cpp.o
[INFO] [stderr]   [ 24%] Building CXX object CMakeFiles/libWAVM.dir/Lib/IR/Types.cpp.o
[INFO] [stderr]   [ 25%] Building CXX object CMakeFiles/libWAVM.dir/Lib/IR/Validate.cpp.o
[INFO] [stderr]   [ 26%] Building CXX object CMakeFiles/libWAVM.dir/Lib/IR/Module.cpp.o
[INFO] [stderr]   [ 27%] Building CXX object CMakeFiles/libWAVM.dir/Lib/Logging/Logging.cpp.o
[INFO] [stderr]   [ 29%] Building CXX object CMakeFiles/libWAVM.dir/Lib/NFA/NFA.cpp.o
[INFO] [stderr]   [ 30%] Building CXX object CMakeFiles/libWAVM.dir/Lib/Platform/POSIX/DiagnosticsPOSIX.cpp.o
[INFO] [stderr]   [ 30%] Building CXX object CMakeFiles/libWAVM.dir/Lib/Platform/POSIX/ClockPOSIX.cpp.o
[INFO] [stderr]   [ 31%] Building CXX object CMakeFiles/libWAVM.dir/Lib/Platform/POSIX/ErrorPOSIX.cpp.o
[INFO] [stderr]   [ 32%] Building CXX object CMakeFiles/libWAVM.dir/Lib/Platform/POSIX/EventPOSIX.cpp.o
[INFO] [stderr]   [ 33%] Building CXX object CMakeFiles/libWAVM.dir/Lib/Platform/POSIX/FilePOSIX.cpp.o
[INFO] [stderr]   [ 34%] Building CXX object CMakeFiles/libWAVM.dir/Lib/Platform/POSIX/MemoryPOSIX.cpp.o
[INFO] [stderr]   [ 36%] Building CXX object CMakeFiles/libWAVM.dir/Lib/Platform/POSIX/SignalPOSIX.cpp.o
[INFO] [stderr]   [ 37%] Building CXX object CMakeFiles/libWAVM.dir/Lib/Platform/POSIX/MutexPOSIX.cpp.o
[INFO] [stderr]   [ 38%] Building CXX object CMakeFiles/libWAVM.dir/Lib/Platform/POSIX/RWMutexPOSIX.cpp.o
[INFO] [stderr]   [ 39%] Building CXX object CMakeFiles/libWAVM.dir/Lib/Platform/POSIX/RandomPOSIX.cpp.o
[INFO] [stderr]   [ 40%] Building CXX object CMakeFiles/libWAVM.dir/Lib/Platform/POSIX/ThreadPOSIX.cpp.o
[INFO] [stderr]   [ 41%] Building ASM object CMakeFiles/libWAVM.dir/Lib/Platform/POSIX/POSIX-X86_64.S.o
[INFO] [stderr]   [ 43%] Building CXX object CMakeFiles/libWAVM.dir/Lib/RegExp/RegExp.cpp.o
[INFO] [stderr]   [ 44%] Building CXX object CMakeFiles/libWAVM.dir/Lib/VFS/SandboxFS.cpp.o
[INFO] [stderr]   [ 45%] Building CXX object CMakeFiles/libWAVM.dir/Lib/VFS/VFS.cpp.o
[INFO] [stderr]   [ 46%] Building CXX object CMakeFiles/libWAVM.dir/Lib/WASM/WASMSerialization.cpp.o
[INFO] [stderr]   [ 47%] Building CXX object CMakeFiles/libWAVM.dir/Lib/WASTParse/Lexer.cpp.o
[INFO] [stderr]   [ 48%] Building CXX object CMakeFiles/libWAVM.dir/Lib/WASTParse/Parse.cpp.o
[INFO] [stderr]   [ 50%] Building CXX object CMakeFiles/libWAVM.dir/Lib/WASTParse/ParseModule.cpp.o
[INFO] [stderr]   [ 51%] Building CXX object CMakeFiles/libWAVM.dir/Lib/WASTParse/ParseFunction.cpp.o
[INFO] [stderr]   [ 52%] Building CXX object CMakeFiles/libWAVM.dir/Lib/WASTParse/ParseNumbers.cpp.o
[INFO] [stderr]   [ 53%] Building CXX object CMakeFiles/libWAVM.dir/Lib/WASTParse/ParseTests.cpp.o
[INFO] [stderr]   [ 54%] Building CXX object CMakeFiles/libWAVM.dir/Lib/WASTPrint/Print.cpp.o
[INFO] [stderr]   [ 55%] Building CXX object CMakeFiles/libWAVM.dir/Lib/Emscripten/Emscripten.cpp.o
[INFO] [stderr]   [ 56%] Building CXX object CMakeFiles/libWAVM.dir/Lib/Emscripten/EmscriptenThreads.cpp.o
[INFO] [stderr]   [ 58%] Building CXX object CMakeFiles/libWAVM.dir/Lib/ObjectCache/ObjectCache.cpp.o
[INFO] [stderr]   [ 58%] Building CXX object CMakeFiles/libWAVM.dir/Lib/LLVMJIT/EmitConvert.cpp.o
[INFO] [stderr]   [ 59%] Building CXX object CMakeFiles/libWAVM.dir/Lib/LLVMJIT/EmitCore.cpp.o
[INFO] [stderr]   [ 60%] Building CXX object CMakeFiles/libWAVM.dir/Lib/LLVMJIT/EmitExceptions.cpp.o
[INFO] [stderr]   [ 61%] Building CXX object CMakeFiles/libWAVM.dir/Lib/LLVMJIT/EmitFunction.cpp.o
[INFO] [stderr]   [ 62%] Building CXX object CMakeFiles/libWAVM.dir/Lib/LLVMJIT/EmitMem.cpp.o
[INFO] [stderr] 
[INFO] [stderr]   --- stderr
[INFO] [stderr]   c++: fatal error: Killed signal terminated program cc1plus
[INFO] [stderr]   compilation terminated.
[INFO] [stderr]   make[3]: *** [CMakeFiles/libWAVM.dir/build.make:141: CMakeFiles/libWAVM.dir/Lib/IR/Validate.cpp.o] Error 1
[INFO] [stderr]   make[3]: *** Waiting for unfinished jobs....
[INFO] [stderr]   c++: fatal error: Killed signal terminated program cc1plus
[INFO] [stderr]   compilation terminated.
[INFO] [stderr]   make[3]: *** [CMakeFiles/libWAVM.dir/build.make:432: CMakeFiles/libWAVM.dir/Lib/WASTParse/ParseModule.cpp.o] Error 1
[INFO] [stderr]   c++: fatal error: Killed signal terminated program cc1plus
[INFO] [stderr]   compilation terminated.
[INFO] [stderr]   make[3]: *** [CMakeFiles/libWAVM.dir/build.make:367: CMakeFiles/libWAVM.dir/Lib/WASM/WASMSerialization.cpp.o] Error 1
[INFO] [stderr]   c++: fatal error: Killed signal terminated program cc1plus
[INFO] [stderr]   compilation terminated.
[INFO] [stderr]   make[3]: *** [CMakeFiles/libWAVM.dir/build.make:510: CMakeFiles/libWAVM.dir/Lib/LLVMJIT/EmitConvert.cpp.o] Error 1
[INFO] [stderr]   c++: fatal error: Killed signal terminated program cc1plus
[INFO] [stderr]   compilation terminated.
[INFO] [stderr]   make[3]: *** [CMakeFiles/libWAVM.dir/build.make:523: CMakeFiles/libWAVM.dir/Lib/LLVMJIT/EmitCore.cpp.o] Error 1
[INFO] [stderr]   make[2]: *** [CMakeFiles/Makefile2:728: CMakeFiles/libWAVM.dir/all] Error 2
[INFO] [stderr]   make[1]: *** [CMakeFiles/Makefile2:735: CMakeFiles/libWAVM.dir/rule] Error 2
[INFO] [stderr]   make: *** [Makefile:210: libWAVM] Error 2
[INFO] [stderr]   thread 'main' panicked at '
[INFO] [stderr]   command did not execute successfully, got: exit code: 2
[INFO] [stderr] 
[INFO] [stderr]   build script failed, must exit now', /opt/rustwide/cargo-home/registry/src/github.com-1ecc6299db9ec823/cmake-0.1.44/src/lib.rs:885:5
[INFO] [stderr]   stack backtrace:
[INFO] [stderr]      0:     0x55e1e984e140 - std::backtrace_rs::backtrace::libunwind::trace::h452faf99f32e7c93
[INFO] [stderr]                                  at /rustc/72f88fc4e9458f89516a0b8b0868f3718aec5b47/library/std/src/../../backtrace/src/backtrace/libunwind.rs:96
[INFO] [stderr]      1:     0x55e1e984e140 - std::backtrace_rs::backtrace::trace_unsynchronized::he40edc71437667a1
[INFO] [stderr]                                  at /rustc/72f88fc4e9458f89516a0b8b0868f3718aec5b47/library/std/src/../../backtrace/src/backtrace/mod.rs:66
[INFO] [stderr]      2:     0x55e1e984e140 - std::sys_common::backtrace::_print_fmt::h6c51d6ade71f46bf
[INFO] [stderr]                                  at /rustc/72f88fc4e9458f89516a0b8b0868f3718aec5b47/library/std/src/sys_common/backtrace.rs:79
[INFO] [stderr]      3:     0x55e1e984e140 - <std::sys_common::backtrace::_print::DisplayBacktrace as core::fmt::Display>::fmt::h3cd15d7003dec37a
[INFO] [stderr]                                  at /rustc/72f88fc4e9458f89516a0b8b0868f3718aec5b47/library/std/src/sys_common/backtrace.rs:58
[INFO] [stderr]      4:     0x55e1e987455c - core::fmt::write::h1857a60b204f1b6a
[INFO] [stderr]                                  at /rustc/72f88fc4e9458f89516a0b8b0868f3718aec5b47/library/core/src/fmt/mod.rs:1080
[INFO] [stderr]      5:     0x55e1e984a6c7 - std::io::Write::write_fmt::hac61caff894c35ae
[INFO] [stderr]                                  at /rustc/72f88fc4e9458f89516a0b8b0868f3718aec5b47/library/std/src/io/mod.rs:1517
[INFO] [stderr]      6:     0x55e1e9850ae0 - std::sys_common::backtrace::_print::haa2f390fb7957e3e
[INFO] [stderr]                                  at /rustc/72f88fc4e9458f89516a0b8b0868f3718aec5b47/library/std/src/sys_common/backtrace.rs:61
[INFO] [stderr]      7:     0x55e1e9850ae0 - std::sys_common::backtrace::print::h48c7cbbad9013bb1
[INFO] [stderr]                                  at /rustc/72f88fc4e9458f89516a0b8b0868f3718aec5b47/library/std/src/sys_common/backtrace.rs:48
[INFO] [stderr]      8:     0x55e1e9850ae0 - std::panicking::default_hook::{{closure}}::h8b7ff05a31e71d55
[INFO] [stderr]                                  at /rustc/72f88fc4e9458f89516a0b8b0868f3718aec5b47/library/std/src/panicking.rs:208
[INFO] [stderr]      9:     0x55e1e985082c - std::panicking::default_hook::h2f00c78800d98e4c
[INFO] [stderr]                                  at /rustc/72f88fc4e9458f89516a0b8b0868f3718aec5b47/library/std/src/panicking.rs:227
[INFO] [stderr]     10:     0x55e1e9851143 - std::panicking::rust_panic_with_hook::h4eaa635e4694aef3
[INFO] [stderr]                                  at /rustc/72f88fc4e9458f89516a0b8b0868f3718aec5b47/library/std/src/panicking.rs:577
[INFO] [stderr]     11:     0x55e1e9850d19 - std::panicking::begin_panic_handler::{{closure}}::hec242f1b136b5ff2
[INFO] [stderr]                                  at /rustc/72f88fc4e9458f89516a0b8b0868f3718aec5b47/library/std/src/panicking.rs:484
[INFO] [stderr]     12:     0x55e1e984e5ac - std::sys_common::backtrace::__rust_end_short_backtrace::h1f3cc383ee6c0374
[INFO] [stderr]                                  at /rustc/72f88fc4e9458f89516a0b8b0868f3718aec5b47/library/std/src/sys_common/backtrace.rs:153
[INFO] [stderr]     13:     0x55e1e9850cd9 - rust_begin_unwind
[INFO] [stderr]                                  at /rustc/72f88fc4e9458f89516a0b8b0868f3718aec5b47/library/std/src/panicking.rs:483
[INFO] [stderr]     14:     0x55e1e9850c8b - std::panicking::begin_panic_fmt::hebfdcd945bbd27b1
[INFO] [stderr]                                  at /rustc/72f88fc4e9458f89516a0b8b0868f3718aec5b47/library/std/src/panicking.rs:437
[INFO] [stderr]     15:     0x55e1e9299cd7 - cmake::fail::h5ac34a445f962f17
[INFO] [stderr]                                  at /opt/rustwide/cargo-home/registry/src/github.com-1ecc6299db9ec823/cmake-0.1.44/src/lib.rs:885
[INFO] [stderr]     16:     0x55e1e929961c - cmake::run::hdae76e59475531dd
[INFO] [stderr]                                  at /opt/rustwide/cargo-home/registry/src/github.com-1ecc6299db9ec823/cmake-0.1.44/src/lib.rs:863
[INFO] [stderr]     17:     0x55e1e9295d8b - cmake::Config::build::h1f94ac9664857d70
[INFO] [stderr]                                  at /opt/rustwide/cargo-home/registry/src/github.com-1ecc6299db9ec823/cmake-0.1.44/src/lib.rs:769
[INFO] [stderr]     18:     0x55e1e928e2e8 - build_script_build::main::h01be8bb27af34b08
[INFO] [stderr]                                  at /opt/rustwide/cargo-home/registry/src/github.com-1ecc6299db9ec823/wavm-sys-0.1.0/build.rs:8
[INFO] [stderr]     19:     0x55e1e928f34b - core::ops::function::FnOnce::call_once::h7529628b55a46a06
[INFO] [stderr]                                  at /rustc/72f88fc4e9458f89516a0b8b0868f3718aec5b47/library/core/src/ops/function.rs:227
[INFO] [stderr]     20:     0x55e1e928fa4e - std::sys_common::backtrace::__rust_begin_short_backtrace::h385058dc5b05bf3d
[INFO] [stderr]                                  at /rustc/72f88fc4e9458f89516a0b8b0868f3718aec5b47/library/std/src/sys_common/backtrace.rs:137
[INFO] [stderr]     21:     0x55e1e928f2d1 - std::rt::lang_start::{{closure}}::he13a16d8e47b46f3
[INFO] [stderr]                                  at /rustc/72f88fc4e9458f89516a0b8b0868f3718aec5b47/library/std/src/rt.rs:66
[INFO] [stderr]     22:     0x55e1e9851541 - core::ops::function::impls::<impl core::ops::function::FnOnce<A> for &F>::call_once::hecc21eb9018cc197
[INFO] [stderr]                                  at /rustc/72f88fc4e9458f89516a0b8b0868f3718aec5b47/library/core/src/ops/function.rs:259
[INFO] [stderr]     23:     0x55e1e9851541 - std::panicking::try::do_call::h174ad655d084b5c7
[INFO] [stderr]                                  at /rustc/72f88fc4e9458f89516a0b8b0868f3718aec5b47/library/std/src/panicking.rs:381
[INFO] [stderr]     24:     0x55e1e9851541 - std::panicking::try::h479e6054ce28de10
[INFO] [stderr]                                  at /rustc/72f88fc4e9458f89516a0b8b0868f3718aec5b47/library/std/src/panicking.rs:345
[INFO] [stderr]     25:     0x55e1e9851541 - std::panic::catch_unwind::hb558ddea2b3e9c45
[INFO] [stderr]                                  at /rustc/72f88fc4e9458f89516a0b8b0868f3718aec5b47/library/std/src/panic.rs:382
[INFO] [stderr]     26:     0x55e1e9851541 - std::rt::lang_start_internal::h163149047f0a8b61
[INFO] [stderr]                                  at /rustc/72f88fc4e9458f89516a0b8b0868f3718aec5b47/library/std/src/rt.rs:51
[INFO] [stderr]     27:     0x55e1e928f2a7 - std::rt::lang_start::ha0ee9a795dd34cc0
[INFO] [stderr]                                  at /rustc/72f88fc4e9458f89516a0b8b0868f3718aec5b47/library/std/src/rt.rs:65
[INFO] [stderr]     28:     0x55e1e928ea9a - main
[INFO] [stderr]     29:     0x7f7cc3bec0b3 - __libc_start_main
[INFO] [stderr]     30:     0x55e1e928e0de - _start
[INFO] [stderr]     31:                0x0 - <unknown>
[INFO] running `Command { std: "docker" "inspect" "3b6b51188bc9d6dc303141a23764a84f9790ac059dcbb898678cc3f8959d15a2", kill_on_drop: false }`
[INFO] running `Command { std: "docker" "rm" "-f" "3b6b51188bc9d6dc303141a23764a84f9790ac059dcbb898678cc3f8959d15a2", kill_on_drop: false }`
[INFO] [stdout] 3b6b51188bc9d6dc303141a23764a84f9790ac059dcbb898678cc3f8959d15a2
